m - 1. What is f(1)?
60
Let v(z) = 2*z - 7. Calculate v(5).
3
Let x(r) = r**3 + 13*r**2 + 53*r + 153. Determine x(-9).
0
Let i(h) = -h**2 + 15*h + 22. What is i(16)?
6
Let w(v) = -v**2 + 9*v - 15. Calculate w(7).
-1
Let z(w) = 8*w - 8. Determine z(-4).
-40
Let g(h) = -21*h + 3. Give g(3).
-60
Let z(u) = u**2 + 5*u + 6. What is z(-4)?
2
Let f(a) = a**2 + 18*a + 19. Determine f(-17).
2
Let s(d) = d**2 + 10*d + 4. Give s(-6).
-20
Let v(z) = -z - 3. Calculate v(-15).
12
Let q(k) = -48*k + 424. Calculate q(9).
-8
Let g(l) = 12*l + 131. Determine g(-8).
35
Let a(z) = 6*z - 27. Give a(3).
-9
Let t(o) = -o - 20. Give t(-7).
-13
Let r(l) = -2*l**3 - 26*l**2 + 5*l + 32. Calculate r(-13).
-33
Let g(r) = -r**3 - 10*r**2 + 2*r + 14. Give g(-10).
-6
Let w(d) = -31*d + 77. What is w(3)?
-16
Let l(p) = 2*p + 21. Determine l(-11).
-1
Let u(d) = -d**3 - 8*d**2 + 9*d + 1. Calculate u(-9).
1
Let f(s) = -5*s**2 + 34*s - 8. Give f(6).
16
Let b(x) = x**2 - 10*x - 4. Give b(11).
7
Let n(q) = -q**2 + 11*q - 19. Calculate n(7).
9
Let m(z) = -z**2 - 24*z - 99. What is m(-20)?
-19
Let r(l) = -l**2 + 18*l - 62. Give r(5).
3
Let z(q) = -q**2 + 10*q - 22. Calculate z(4).
2
Let p(w) = 2*w + 7. Calculate p(0).
7
Let u(y) = 12*y. Give u(2).
24
Let l(w) = -w**2 + 6*w + 20. Give l(10).
-20
Let d(w) = -2*w**2 - 6*w - 6. Determine d(-4).
-14
Let d(t) = -3*t + 25. Determine d(10).
-5
Let s(l) = 3*l - 9. Give s(0).
-9
Let s(o) = -o**2 - 7*o + 66. Calculate s(6).
-12
Let r(v) = -2*v**3 - 20*v**2 - 18*v - 6. Calculate r(-9).
-6
Let f(y) = y**2 + 10*y + 8. Calculate f(-8).
-8
Let o(z) = 5*z**3 + 3*z**2 - 2*z. Give o(1).
6
Let x(o) = 11*o + 1. Calculate x(-2).
-21
Let q(u) = u**3 + 9*u**2 + 9*u + 15. What is q(-8)?
7
Let r(a) = -185*a + 181. Determine r(1).
-4
Let r(j) = -2*j**2 + 27*j - 10. Determine r(14).
-24
Let u(b) = b**3 + 4*b**2 + 9*b + 6. Calculate u(-3).
-12
Let q(y) = y - 36. Determine q(11).
-25
Let v(i) = -5*i + 1. Calculate v(-4).
21
Let x(f) = f**2 - 39*f + 11. Give x(38).
-27
Let t(g) = 3*g + 72. What is t(-23)?
3
Let i(q) = -q**3 - 16*q**2 + 16*q - 24. Calculate i(-17).
-7
Let n(m) = 2*m + 22. What is n(-10)?
2
Let b(s) = -s**3 + 8*s**2 - 11*s + 11. Give b(7).
-17
Let b(k) = -k + 15. Calculate b(24).
-9
Let g(h) = -h**2 + 3*h + 50. What is g(-8)?
-38
Let t(r) = r**3 + r + 21. Calculate t(0).
21
Let k(x) = 5*x + 122. Determine k(-20).
22
Let m(x) = -x**3 - 8*x**2 - 9*x - 12. Give m(-7).
2
Let b(r) = 3*r**3 - 3*r**2 + 3*r - 1. Give b(1).
2
Let f(j) = j**3 + 10*j**2 + 4*j + 32. Give f(-10).
-8
Let f(p) = -p**3 - 25*p**2 + 24*p - 42. Calculate f(-26).
10
Let w(y) = -y**2 + 11*y - 37. Determine w(9).
-19
Let j(r) = 4*r**2 - 23*r + 12. Give j(6).
18
Let t(s) = -s**3 + 3*s**2 + 7*s + 11. Determine t(5).
-4
Let s(l) = 4*l - 5. Determine s(9).
31
Let b(v) = -v**2 + 24*v - 16. What is b(23)?
7
Let t(a) = a + 5. Determine t(-14).
-9
Let h(u) = u**3 - 73*u**2 + 8*u - 582. What is h(73)?
2
Let p(d) = -3*d - 22. Determine p(-13).
17
Let f(d) = -d**3 - 14*d**2 - 32*d - 24. Give f(-12).
72
Let c(n) = -2*n**2 + 16*n - 36. What is c(6)?
-12
Let y(m) = m**3 - 3*m**2 - m + 17. Give y(-3).
-34
Let l(b) = b**2 - 4*b + 3. What is l(4)?
3
Let g(j) = -9*j - 15. Determine g(-1).
-6
Let r(n) = -n**3 + 4*n**2 - 4*n - 1. What is r(3)?
-4
Let c(q) = -q**3 - 21*q**2 - 8*q + 241. Calculate c(-20).
1
Let n(f) = f**2 + 7*f + 14. What is n(-6)?
8
Let h(c) = -6*c - 35. Give h(-6).
1
Let y(c) = -c**3 + 8*c**2 - 7*c. What is y(7)?
0
Let y(g) = -3*g + 12. Give y(9).
-15
Let s(a) = -24*a - 150. What is s(-6)?
-6
Let q(j) = 3*j**2 + 11*j. Calculate q(-5).
20
Let v(r) = r**3 + 15*r**2 + 13*r - 19. Determine v(-14).
-5
Let v(q) = q**3 - 7*q**2 - 4*q - 10. Give v(7).
-38
Let o(w) = -3*w - 9. Determine o(-22).
57
Let q(t) = -t - 11. What is q(8)?
-19
Let u(t) = -t**3 - 12*t**2 + 3*t + 20. Calculate u(-12).
-16
Let r(f) = -8*f + 22. What is r(5)?
-18
Let l(m) = -3*m + 19. Give l(7).
-2
Let x(b) = 2*b**2 - 20*b + 3. Determine x(10).
3
Let r(g) = -g**3 - 5*g**2 + 5*g + 6. What is r(-6)?
12
Let w(t) = -71*t**2 + 3*t + 1. Give w(-1).
-73
Let g(a) = 3*a + 24. Give g(-12).
-12
Let q(o) = 2*o + 65. Determine q(-32).
1
Let g(o) = 5*o. Determine g(-2).
-10
Let m(d) = -22*d**2 - 195*d + 18. Calculate m(-9).
-9
Let n(v) = v**2 + 13*v + 5. Determine n(-12).
-7
Let w(o) = 21*o. Determine w(-2).
-42
Let m(p) = p**3 - 4*p**2 - 10*p + 8. What is m(6)?
20
Let s(p) = -12*p - 341. Calculate s(-29).
7
Let k(o) = 2*o**2 - 100*o - 58. What is k(51)?
44
Let z(j) = j**3 + 8*j**2 + 2*j - 9. What is z(-8)?
-25
Let u(y) = -y**2 + 6*y + 3. What is u(-2)?
-13
Let f(c) = c**3 + 10*c**2 - 2*c. Calculate f(-10).
20
Let x(u) = -u**3 + 15*u**2 - 15*u + 19. Calculate x(14).
5
Let h(a) = -a**3 + 4*a**2 + 1. Give h(5).
-24
Let d(n) = n**3 - 19*n**2 - 22*n + 43. Calculate d(20).
3
Let t(g) = -28*g**2 + 7*g - 1. What is t(1)?
-22
Let t(x) = 17*x - 289. What is t(17)?
0
Let y(w) = -98*w + 95. Give y(1).
-3
Let n(y) = 173*y - 332. Give n(2).
14
Let d(b) = b**2 - 8*b - 9. Determine d(9).
0
Let n(g) = -g**3 + 5*g**2 + 6*g - 26. Calculate n(6).
-26
Let l(p) = -2*p**2 - 7*p + 2. Calculate l(-4).
-2
Let c(y) = -y - 8. What is c(-6)?
-2
Let x(u) = 29*u - 15. Determine x(3).
72
Let g(d) = -d**2 + 8*d - 16. Calculate g(14).
-100
Let t(a) = a**3 - 5*a**2 - 2. What is t(6)?
34
Let k(w) = -w + 45. Determine k(-22).
67
Let u(h) = h**3 - 2*h**2 - 1. Give u(2).
-1
Let o(w) = 7*w - 5. Determine o(1).
2
Let p(b) = b**3 + 5*b**2 + 3*b + 4. What is p(-3)?
13
Let c(h) = 2*h**3 + 38*h**2 + h + 20. Give c(-19).
1
Let x(t) = 3*t**3 + t**2 - 1. Determine x(1).
3
Let c(r) = -r**2 - 5*r + 22. Calculate c(-7).
8
Let x(w) = w**2 + 16*w + 4. Determine x(-13).
-35
Let z(m) = -46*m - 48. Give z(-1).
-2
Let y(c) = -c**3 + 7*c**2 - 7*c - 2. Determine y(6).
-8
Let q(x) = -x**2 + 26*x - 24. Calculate q(24).
24
Let z(i) = 3*i**2 + 30*i + 20. Determine z(-9).
-7
Let g(b) = 141*b - 698. Calculate g(5).
7
Let v(n) = 2*n**3 + n**2 + 1. Give v(-2).
-11
Let l(x) = -2*x - 48. Determine l(6).
-60
Let p(r) = 28*r + 24. Determine p(-1).
-4
Let f(p) = -10*p + 140. Determine f(13).
10
Let c(x) = -x**2 - 11*x + 14. Calculate c(-12).
2
Let x(i) = -i**3 + 4*i**2 + 15*i - 13. What is x(6)?
5
Let s(d) = d**2 - 2*d + 4. Calculate s(5).
19
Let d(u) = 3*u + 11. What is d(-6)?
-7
Let m(j) = 6*j. Determine m(16).
96
Let i(n) = n**3 + 8*n**2 - n - 3. Calculate i(-8).
5
Let g(m) = -m**3 - 7*m**2 + 2*m - 2. Calculate g(-6).
-50
Let s(u) = u**3 - 7*u**2 + u + 8. Determine s(6).
-22
Let l(b) = b**3 - 7*b**2 + 2*b + 26. Give l(5).
-14
Let d(m) = -m**2 - 7*m - 28. What is d(-4)?
-16
Let c(p) = -p**3 + 11*p**2 + 3*p - 16. Calculate c(11).
17
Let c(a) = -37*a - 1. Determine c(-1).
36
Let v(x) = -3*x**2 + 20*x - 10. Determine v(4).
22
Let j(u) = -u**2 + 7*u + 56. Calculate j(-5).
-4
Let l(i) = i**3 - 6*i**2 + 2. Determine l(6).
2
Let b(k) = -k**3 + 39*k**2 + 42*k - 86. What is b(40)?
-6
Let i(s) = -s**2 + 7*s + 18. Give i(9).
0
Let o(f) = f**2 + 5*f - 11. Determine o(-9).
25
Let a(h) = -h**3 + h + 42. Calculate a(0).
42
Let l(v) = 3*v**3 - v**2 - 2*v + 1. What is l(2)?
17
Let p(f) = -f**3 - 9*f**2 - 10*f - 3. Calculate p(-8).
13
Let g(u) = u**3 - 12*u**2 + 9*u + 13. Determine g(11).
-9
Let y(g) = g + 6. Give y(-7).
-1
Let r(o) = -o**2 + 3*o. Give r(5).
-10
Let b(o) = 4*o**2 - 11*o + 3. Give b(2).
-3
Let v(c) = 2*c - 7. Give v(4).
1
Let p(y) = -3*y - 4. What is p(-2)?
2
Let u(w) = w**3 + 7*w**2 - 6*w - 6. Calculate u(-7).
36
Let i(x) = x**2 + 16*x - 1. Give i(-16).
-1
Let r(d) = -d**3 - 11*d**2 - 28*d - 7. What is r(-5)?
-17
Let p(z) = 4*z + 35. Calculate p(-13).
-17
Let f(p) = 30*p + 140. Give f(-5).
-10
Let l(s) = -19*s**2 + 4. Determine l(-2).
-72
Let d(a) = a + 24. What is d(-14)?
10
Let f(b) = -b - 2. Calculate f(2).
-4
Let z(g) = -16*g**3 - 65*g**2 - 2*g + 5. What is z(-4)?
-3
Let m(z) = 2*z + 13. Give m(-5).
3
Let x(f) = f**3 + 34*f**2 + 66*f + 74. Give x(-32).
10
Let h(j) = -3*j + 7. Give h(-3).
16
Let x(j) = -j**3 + 5*j + 3. What is x(3)?
-9
Let o(v) = -v**3 + 6*v**2 - 8*v. Determine o(4).
0
Let o(v) = 2*v**2 - 3*v - 4. Determine o(-3).
23
Let g(x) = -x**3 + 7*x**2 + 14*x - 54. Give g(8).
-6
Let b(m) = -m. Give b(-1).
1
Let w(t) = t - 10. What is w(0)?
-10
Let a(s) = 3*s**2 + 48*s - 3. What is a(-16)?
-3
Let